actor of n and 29.
29
Let t = -16820 - -24994. What is the greatest common factor of t and 67?
67
Let t(c) = c**2 + 18*c + 63. Let y be t(-13). Let v be 548/10 + y - (-48)/(-60). Calculate the greatest common factor of 4 and v.
4
Suppose 145 = -4*z - 23. Let x = 878 + -829. Let b = z + x. What is the highest common factor of b and 21?
7
Let g = -6837 + 7254. What is the greatest common divisor of 12 and g?
3
Let y(c) = -25*c - 65. Let o be y(-5). Let w be (-84)/(-105)*o/2. Calculate the greatest common factor of w and 15.
3
Let l(w) = w**3 + 19*w**2 - 48*w - 39. Suppose 210 = 14*q - 24*q. Let g be l(q). What is the highest common factor of g and 348?
87
Let r be 0 + (-6)/33 - 275289/(-77)*1. Calculate the greatest common divisor of 110 and r.
55
Let x(r) = r**3 + 48*r**2 + 42*r - 67. Let l be x(-47). What is the greatest common divisor of l and 1272?
24
Suppose -5*t + 64 = -2*k, -23 = -2*t + t - 3*k. Let d be 27/(-18)*(-14)/12*40. What is the highest common factor of t and d?
14
Let l(c) be the third derivative of -c**6/120 - 2*c**5/15 + 5*c**4/24 + 3*c**3 - 102*c**2. Let n be l(-9). What is the greatest common divisor of n and 72?
18
Let i = 582 - -198. Suppose 12*l - i = 6*l. Calculate the greatest common factor of l and 65.
65
Suppose -k + 3*n + 18 = 0, -40 = -2*k - 1963*n + 1968*n. Suppose -329 = 2*c - 1019. What is the greatest common divisor of c and k?
15
Let t(k) = k**2 + 4*k - 404. Let i be t(20). What is the greatest common divisor of i and 152?
76
Suppose -v + 7 = 2, 4*v - 4 = 4*h. Suppose -m + 7 = -j, h*j = -4*m - 20 - 0. Let a be 169/52 - j/8. Calculate the highest common divisor of a and 4.
4
Let l(t) = -6*t**3 - 26*t**2 - 10*t + 712. Let h be l(-16). What is the greatest common divisor of h and 232?
232
Let q(w) = w**2 + 10*w - 44. Suppose 14*c + 60 = -332. Let j be q(c). What is the highest common factor of j and 20?
20
Let n = 279 + -23. Let d = 355 - n. What is the highest common factor of 117 and d?
9
Let n(c) = -c**3 + 24*c**2 + 9. Let x = -75 - -99. Let i be n(x). What is the greatest common divisor of i and 9?
9
Let p = -9 + 42. Let m(l) be the first derivative of -l**2/2 + 79*l + 31. Let r be m(-20). Calculate the greatest common divisor of p and r.
33
Let t be 216 - ((-54)/(-9) + -6). Suppose 0 = -6*z + t + 36. What is the greatest common divisor of z and 98?
14
Let q be ((-156)/60)/((-7)/315). Suppose -70 = -5*g + 60. What is the highest common divisor of q and g?
13
Let v be ((-12)/16)/((-11)/44). Let d(c) = 9*c**3 - 2*c**2 - 5*c + 18. Let j be d(v). What is the highest common factor of j and 12?
12
Let l = 109 - 107. Suppose -4*f + 240 = l*f. Calculate the greatest common factor of 440 and f.
40
Let f = 26813 + -26800. Let b(m) = 104*m**2 - m - 1. Let i be b(-1). What is the highest common divisor of f and i?
13
Let p(r) = -2*r**3 - 103*r**2 + 158*r + 3. Let k be p(-53). What is the highest common factor of 77 and k?
7
Suppose -2409 = 47*q + 12020. Let v = q + 748. Calculate the greatest common divisor of 126 and v.
63
Let i(p) = 56*p**2 + 14*p + 104. Let a be i(-8). What is the highest common divisor of 1937 and a?
149
Let g(y) = -128*y - 115. Let b be g(-1). What is the greatest common factor of b and 1157?
13
Let w = -3 - -3. Let p be 0*(4*(-9)/(-12) - 2). Suppose p = -4*u - o + 160, w*o - 55 = -u - 4*o. Calculate the greatest common factor of u and 39.
39
Suppose -3*n = 2*h - 102, n - 389 + 395 = 0. What is the greatest common factor of h and 2140?
20
Let g be 678/(-4) + 1 - (-15)/30. Let b = -142 - g. Calculate the greatest common divisor of b and 4.
2
Let c be ((-6)/(-15))/(2/20). Suppose 3*o - 47 + 238 = 4*r, 4*r - 151 = -5*o. Suppose 117*z + r = 118*z. Calculate the greatest common factor of z and c.
4
Let p(c) = -c**3 - 4*c**2 - 9*c - 20. Let h be p(-8). Let g be h/16 + 3/(-12). Suppose -g*u = -6*u - 338. Calculate the highest common divisor of 39 and u.
13
Let b be (-2 + 448/5)*(-1160)/(-87). What is the highest common divisor of 32 and b?
16
Let p = 1032 + -1004. What is the highest common divisor of 119 and p?
7
Let i be -9 - -8*((-59)/(-4) - 7). What is the highest common divisor of 6413 and i?
53
Let f(u) = 4*u**2 + 121*u + 1735. Let j be f(-17). What is the greatest common divisor of j and 6533?
139
Suppose 12*o - 29 - 115 = 0. Let l = -18 + o. Let n be l/(-4 + -3 + 4). Calculate the greatest common divisor of n and 1.
1
Suppose 3*s = -3, b + 3*s - 2035 + 507 = 0. Calculate the greatest common divisor of b and 1.
1
Suppose 47*j + 6 = 53*j. Suppose 0 = -2*h + 9 + 19. Suppose -j - h = -3*b. Calculate the greatest common divisor of 25 and b.
5
Suppose 0 = 14*v - 11*v + x - 2339, -2*x - 2333 = -3*v. What is the greatest common divisor of v and 171?
19
Let u(a) = -60*a - 5840. Let k be u(-102). Calculate the highest common divisor of 12740 and k.
140
Let a be 3*(-111)/(-1 - 2). Let c(i) = i**2 - 4*i - 5. Let j be c(-1). Suppose j = d - 60 - 14. What is the highest common factor of d and a?
37
Let j(b) = 113*b**2 - 106*b - 769. Let p be j(-7). Calculate the highest common divisor of 760 and p.
190
Suppose 29*h + 8453 = 9977 + 49835. What is the highest common divisor of 154 and h?
77
Suppose -2*h = -2*m + 109 + 123, -3*m = 2*h - 363. Suppose -219 = -40*t + 158 - 97. What is the highest common factor of t and m?
7
Suppose k - i + 86 = i, -5*k = -3*i + 437. Let m = 133 + k. Let l be 4336/813 - 7/3 - (-4 + -38). What is the highest common factor of m and l?
45
Suppose -21*g + 10168 = -7619. What is the greatest common factor of 56 and g?
7
Let s be (-7)/35 - ((-2253)/5)/3. Suppose 2*y - 5*u = y + 375, 0 = -2*u. Calculate the greatest common factor of y and s.
75
Let j(w) = -w**3 - w**2 + 38*w + 97. Let k be j(-5). Calculate the highest common divisor of k and 336.
7
Suppose -89*r + 9100 = -87020. What is the greatest common divisor of 135 and r?
135
Let l be 225/10*(-108)/(-15). Let v = -154 + l. Let r = 291 + -195. Calculate the highest common divisor of v and r.
8
Suppose 0 = -2*q + s + 7, -7*q = -6*q + 3*s + 7. Let m be (q/(-2))/(10/(-1210)). What is the greatest common divisor of m and 55?
11
Let y(g) = 2*g**3 + 100*g**2 + 327*g - 54. Let z be y(-46). What is the highest common divisor of z and 32?
8
Let i be ((-18142)/282)/((-2)/18). Suppose -i + 2301 = 41*z. What is the greatest common divisor of z and 98?
14
Let j(l) = -118*l - 29 - 125*l + 35. Let d be j(3). Let g be -3 + (d/(-24) - (-2)/(-16)). Calculate the highest common divisor of g and 297.
27
Suppose -27508 - 13742 = -22*l. What is the greatest common factor of l and 75?
75
Suppose -5*b - 5*u = -290, 13*b = 8*b + 5*u + 310. Suppose -k + 25 = -b. What is the highest common divisor of k and 17?
17
Let v be (-4*3/(-18))/((-2)/(-6)). Suppose 6*t + 860 = 4*w + t, -v*w + 460 = 5*t. Calculate the greatest common divisor of 88 and w.
44
Let a = -173 + 184. Suppose 3*p - 3*n = 33, 2*p - a = p + 2*n. What is the highest common factor of 11 and p?
11
Let v(l) = 356*l + 2880. Let f be v(-8). Calculate the greatest common factor of 244 and f.
4
Let g(k) = 5*k**2 + 72*k - 36. Let i be g(-15). Let o be (-5)/(-3) - (i + (-1164)/36). Calculate the highest common divisor of o and 50.
25
Suppose -10*l + 11*l = -b + 319, 5*b - 1605 = 5*l. What is the greatest common divisor of 10 and b?
10
Let r be (-1)/4 + (-7)/((-140)/(-475)). Let v = 58 - r. Suppose v = 2*h - 2. Calculate the highest common divisor of h and 21.
21
Let f = 21691 + -21465. What is the greatest common divisor of f and 5085?
113
Let m = -13883 + 14092. Calculate the highest common factor of 77 and m.
11
Let k(o) = -151*o + 5. Suppose 3*j - 14 = 17*j. Let v be k(j). What is the greatest common factor of v and 39?
39
Suppose -12*q + 39059 = -10297. Calculate the highest common divisor of 27 and q.
9
Suppose -x - 64 = -3*x. Suppose 61 - 419 = 50*k - 229*k. Calculate the highest common factor of k and x.
2
Let y be (-6 - -3)*(-1288)/(-12). Let i = 404 + y. Let g(s) = 3*s**2 - 7*s + 1. Let t be g(5). Calculate the greatest common divisor of t and i.
41
Let j(z) = -z**3 + 10*z**2 - 13*z + 18. Let y = 212 - 204. Let n be j(y). What is the highest common factor of 672 and n?
42
Let s be ((-315)/84)/((-2)/336). Let m = s - 608. Calculate the greatest common factor of 286 and m.
22
Let y be (22/(-44))/(2 -